 t be w(20). Let k(s) be the first derivative of s**2/2 + s - 1. Determine k(t).
-2
Let k(f) = f**2 + 6*f + 7. Suppose 2*v = -3*u + 73, -5*u = 3*v + 5 - 126. Suppose u = -4*t + y, 2*t = -4*y - y - 17. Give k(t).
7
Suppose 2*n - 4 = -2*n + 3*k, 18 = -5*n - 2*k. Let y be 1/(n/(-8)) - 6. Let o(u) = 2*u**3 + 3*u**2 + 3*u + 3. What is o(y)?
-7
Let a(b) = 7*b**2 - b. Suppose 0 = 6*c - 16*c - 10. Determine a(c).
8
Let t be ((-2)/1*2)/(-2). Let y(w) = w**2 - 4*w + 3. Calculate y(t).
-1
Suppose 2*o = -6*o. Let y(s) be the third derivative of -4*s**2 + 1/4*s**4 + o + 0*s**3 + 1/120*s**6 + 0*s + 7/60*s**5. Determine y(-6).
0
Let s(g) = g**3 - g**2 + 2. Let u be s(0). Let m(f) = 4 - 4*f**u + f**3 - 7*f - 3 + 2 + 3*f. Determine m(5).
8
Suppose -2*p - 3*p + 10 = 0. Let q(j) be the third derivative of p*j**2 + 0 + 1/2*j**3 + 1/24*j**4 + 0*j. Give q(-4).
-1
Let k(i) = -i**2 + 4*i + 11. Let y be k(6). Let v(z) = -2*z**3 - 1. What is v(y)?
1
Let c(h) = 4*h + 17. Let b(s) = -s - 4. Let k(m) = 9*b(m) + 2*c(m). Give k(-6).
4
Let q(j) = -j - 2. Let s(z) = -z**3 - 7*z**2 + 6. Let h be s(-7). Let n be (-5)/30 + 1/h. Determine q(n).
-2
Let o(q) be the first derivative of -q**4/4 + 5*q**3/3 - 5*q**2/2 + 4*q - 1. Let v be (-20)/80 - ((-34)/8)/1. What is o(v)?
0
Let y(a) be the second derivative of a**7/840 + a**6/360 + a**4/6 - a**3/2 - a. Let r(d) be the second derivative of y(d). Give r(0).
4
Let u(c) be the first derivative of c**5/120 + 5*c**4/24 + 7*c**3/3 + 8. Let z(d) be the third derivative of u(d). Calculate z(-8).
-3
Let d(n) = 7*n**2 - 9*n - 3. Let b(x) = 6*x**2 - 8*x - 3. Let u be (3 + (-5 - 3))*-1. Suppose -2*a - 7 - u = 0. Let f(o) = a*b(o) + 5*d(o). Determine f(4).
-1
Let h(p) = p + 1 - 4 + 2. Suppose 11*i = 10 + 23. Give h(i).
2
Let f(d) = d**3 + 6*d**2 + d + 1. Let u be 2/(-18) - 901/153. Calculate f(u).
-5
Let m(r) = -r - 4. Let t = 2 - 8. Let i be m(t). Suppose 2*q + 2*h + i = 0, -4*q + 0*q - 2*h + 2 = 0. Let v(x) = 5*x + 1. Give v(q).
11
Let d(s) = 8*s**2 + s - 6. Let n(j) = -7*j**2 - j + 5. Let p(v) = 4*d(v) + 5*n(v). Determine p(-2).
-9
Suppose 4 - 16 = 3*l. Let q(m) = -3*m**2 + 10*m - 3. Let b(f) = -4*f**2 + 15*f - 4. Let g(s) = 5*b(s) - 7*q(s). Determine g(l).
-3
Let d = 22 + -26. Let k be 352/55 - d/(-10). Let t(y) be the second derivative of y**4/12 - y**3 - 4*y**2 + y. Give t(k).
-8
Suppose 5*i + 8*q = 5*q + 23, -3*i + 37 = -4*q. Let m(u) = i - 3*u**2 - 3 + 5*u**2 + u**3 + u + 0*u**3. Determine m(-3).
-8
Let k be (2 + -7)/(-3 - -2). Let w(n) = -n**3 - 2*n - 4*n**2 + k*n**2 + n. Determine w(0).
0
Let a(c) be the second derivative of -c**3/3 + c**2 + 39*c. Determine a(-2).
6
Let r(u) = u**2 + 4*u + 9. Let z(h) = -3*h**2 - 11*h - 27. Let i(o) = 7*r(o) + 2*z(o). Give i(-6).
9
Let s(a) = 2*a**3 + 5*a**2 + 3*a + 2. Let q = 60 - 63. Determine s(q).
-16
Let b(q) = q**3 + 3*q**2 + 4. Let n be b(-3). Let t(o) = -o**3 + 3*o**2 + 4*o + 4. Give t(n).
4
Let x = -7 + 6. Let h(m) be the first derivative of m**3/3 + 3*m**2/2 + m + 1. Determine h(x).
-1
Let l(q) = q - 6 + 1 + 5 - 11*q**2. Determine l(1).
-10
Let v(x) be the first derivative of 2*x**3/3 + 5*x**2/2 - 4*x + 1. Let n be 1/(((-9)/(-45))/(4/(-5))). What is v(n)?
8
Suppose -4*i + 3*h - 4 = 0, -2 = h + 2. Let v(p) = -2*p**2 - 2*p**2 - 3*p - 4 + 3*p**2. Calculate v(i).
-8
Let g(a) = -1 + 0 + 2. Let w(z) = 2*z + 4. Let c(v) = -6*g(v) + w(v). Suppose -2*x + i + 1 = 8, -4*i - 17 = x. What is c(x)?
-12
Let h(f) be the third derivative of -1/24*f**4 + 0 + 1/6*f**3 + 2*f**2 + 0*f + 1/20*f**5. Calculate h(1).
3
Let y(z) be the third derivative of -z**5/60 - 3*z**4/8 + z**3/3 + 29*z**2. Give y(-8).
10
Suppose -4*u + 6*f - 2*f + 12 = 0, -1 = f. Let q(x) = -x**3 + x**2 + 3*x - 1. What is q(u)?
1
Let a(m) = m**2 - 6*m + 4. Let i be -1*(3 - 2 - 0). Let c be -3 + (i - -4) + 3. Give a(c).
-5
Let a(r) be the second derivative of 3*r**3 + r**2/2 - 15*r. What is a(1)?
19
Let s(b) = -b + 1. Let l(y) = 1. Let f(i) = -l(i) + 2*s(i). Let z be ((-1)/(-2))/(2/8). Let k(m) = -m**3 + 2*m**2 - m + 1. Let g be k(z). What is f(g)?
3
Let t(d) = 3*d**2 - 17*d + 10. Let h(m) = -m**2 + 8*m - 5. Suppose l + l - 10 = 0. Let k(g) = l*h(g) + 2*t(g). Calculate k(-6).
-5
Let d(j) = 2*j - 3. Let c be (6/(-7))/((-53)/(-14) - 4). What is d(c)?
5
Let r(a) = -2*a**2 + 4*a - 2. Let u(i) = i**2 + 5*i + 6. Let h be u(-4). Suppose 0 = -m + h + 2. Suppose 4*v + m = 16. Determine r(v).
-8
Let a(g) = -4*g**2 - 7*g - 1. Suppose m = -3 + 1. Let x(k) = 3*k**2 + 6*k + 1. Let l(t) = m*a(t) - 3*x(t). Let f = -2 - 0. Give l(f).
3
Let f be 15/(-5 - 0) + (0 - 2). Let d(z) = -z**3 - 6*z**2 - 5*z + 1. What is d(f)?
1
Suppose -18*u = -21*u + 9. Let c(i) = -3*i + 2. Calculate c(u).
-7
Let y(j) be the third derivative of 7*j**4/12 + j**3/3 - 24*j**2. What is y(-2)?
-26
Let z(w) = w - 3. Suppose -4*y + 5 = t, -y - 4*t - 10 = -0*y. Suppose 5*f + y = 3*r + 6, 0 = -4*r - f - 13. Give z(r).
-6
Let l(o) = o**2 + 10*o + 2. Let j(z) = -6*z - 8. Let t be j(0). What is l(t)?
-14
Let c(n) = 2*n**2 - 7*n - 5. Let g(m) = -m**2 + 3*m + 3. Let y(q) = -4*c(q) - 9*g(q). Give y(0).
-7
Let f = 3 + -1. Let b = f - -1. Let t(u) = 6*u**b + u - 5*u**3 - 3*u**2 - 2 + 7*u**2. What is t(-2)?
4
Let u be 57/180 - (-1)/(-5). Let d(r) be the third derivative of 0*r + 0 + u*r**5 - 1/24*r**4 - 1/6*r**3 + 2*r**2. Calculate d(-1).
7
Let r = -17 + 33. Let v = r + -11. Let l(h) = -h**2 + 5*h - 3 - 3 + 5. Determine l(v).
-1
Let t(w) be the third derivative of -w**8/20160 - w**7/1260 + w**6/144 - 3*w**5/20 - 4*w**2. Let k(c) be the third derivative of t(c). Give k(-5).
0
Let q(y) = -y**2 - 5*y + 6. Suppose -3*i - m = -17, i - m - 3*m + 16 = 0. Suppose -8 = 2*t, -1 = -i*w + t - 21. What is q(w)?
0
Let l(s) be the second derivative of s**3/3 - s**2 + 4*s. Determine l(2).
2
Let l(c) = c**2 + 7*c + 2. Let t be l(-7). Let k(f) be the second derivative of -f**3/6 - f**2/2 - 9*f. Give k(t).
-3
Let z(b) be the first derivative of b**5/60 - b**4/12 - b**3/6 + b**2 + 1. Let a(f) be the second derivative of z(f). Give a(-1).
2
Let a(t) = 2*t + t - 6*t**3 - 3*t**2 + 5*t**3 - 4*t. Calculate a(-3).
3
Let j = -16 + 18. Let a(q) be the second derivative of q + 1/3*q**3 - 2*q**j + 0. Determine a(3).
2
Let d(n) = -3*n - 6. Let h(i) = 1. Let y(u) = d(u) + 6*h(u). Give y(-3).
9
Let b(t) be the first derivative of -1/3*t**3 - 7/4*t**4 - t + 1/2*t**2 + 5. Calculate b(1).
-8
Let z(i) = -5*i**3 - 5*i**2 - 2*i + 11. Let r(w) = -w - w - 10 + 3*w + 4*w**3 + 5*w**2. Let b(x) = 6*r(x) + 5*z(x). Suppose 29*c + 8 = 31*c. Give b(c).
-5
Suppose j + q = -2, -2*q - 1 = 5*j + 6. Let u be (-234)/(-24) - j/4. Let z(r) = -r - u*r**3 + 0*r + 5*r**3 - r**2 + 1. Determine z(1).
-6
Let j(v) = -76*v + 24*v - v**2 + 2 + 51*v. Let w be (3 + -2 - 1) + 2. Suppose 5*c + 28 = w*t, c + c + t = -4. Calculate j(c).
-10
Let w(g) = -1 - g**2 - 5*g + 1 - 1. Let k(q) = -2*q**2 - 3. Let x be k(0). What is w(x)?
5
Let i(c) = 144 - 82 + 3*c - 65. Let z be 1/(-2) - (-14)/4. Calculate i(z).
6
Suppose 2*o + 3*t = 5*t + 12, 3*o = -2*t - 2. Let q(i) = i**3 - i**2 - 4*i + 3. Determine q(o).
-1
Let c(k) be the first derivative of k + 2*k**2 - 1 - 2/3*k**3. Give c(3).
-5
Let x(o) = -2*o**2 - o + 2. Let z be x(1). Let r(i) = -3*i**3 - i - 1. Let v be r(z). Let d(m) = -3*m + 2. Determine d(v).
-7
Suppose 2 = -a - 2. Let c be 4/3*(-6)/a. Suppose -f + c = f. Let z(v) = -5*v**3 - 2*v**2 + v. Calculate z(f).
-6
Let t(j) be the third derivative of -1/12*j**4 + 0 + 0*j + 3/2*j**3 - 2*j**2. What is t(6)?
-3
Let h(d) be the third derivative of d**5/10 - d**4/24 - 52*d**2. Give h(1).
5
Let f(q) = -q**2 - 6*q - 6. Let r be f(-4). Suppose r*d - 6 = -5*k, -d - 14 = -4*k + 2*d. Let i(v) = k*v + 3*v + 0 + 4 + v**2. Calculate i(-3).
-2
Let h(r) = 8*r - 7. Let q = 8 - 1. Let a(g) = 7*g - 6. Let p(u) = q*a(u) - 6*h(u). Let x(w) = 6*w - 1. Let v(c) = -11*p(c) + 2*x(c). Calculate v(-2).
-4
Let r(k) = 5*k**2 + k - 2. Let v(m) = m**2. Let g be 0 + 1 + (2 - 0). Suppose 0 = -4*j + 2*t - 2, -j = 2*j - g*t. Let l(a) = j*r(a) + 4*v(a). Determine l(-3).
-4
Let w = 4 - 1. Suppose 0 = -w*v + 5*m + 14, -13 = -4*v + 3*m - 2*m. Let s(r) = 2*r - 2 + 3 - 5*r. Give s(v).
-8
Let j(n) = 2*n**2 - 1. Let k be ((-6)/(-3))/(3/3). Let m = k + -4. Give j(m).
7
Let r = 40 + -41. Let v(t) = -t**3 + t**2 + t. De